{"id":2121,"date":"2023-02-01T14:55:55","date_gmt":"2023-02-01T13:55:55","guid":{"rendered":"https:\/\/capoigny.fr\/?page_id=2121"},"modified":"2023-02-27T09:59:02","modified_gmt":"2023-02-27T08:59:02","slug":"mentions-legales","status":"publish","type":"page","link":"https:\/\/capoigny.fr\/index.php\/mentions-legales\/","title":{"rendered":"Mentions l\u00e9gales"},"content":{"rendered":"<div data-colibri-id=\"2121-c1\" class=\"style-731 style-local-2121-c1 position-relative\">\n  <!---->\n  <div data-colibri-component=\"section\" data-colibri-id=\"2121-c2\" id=\"features\" class=\"h-section h-section-global-spacing d-flex align-items-lg-center align-items-md-center align-items-center style-766 style-local-2121-c2 position-relative\">\n    <div class=\"background-wrapper\">\n      <div class=\"background-layer background-layer-media-container-lg\">\n        <!---->\n        <div class=\"overlay-layer\">\n          <div class=\"overlay-image-layer\" style=\"background-color: rgb(255, 255, 255); opacity: 0.85;\"><\/div>\n        <\/div>\n      <\/div>\n      <div class=\"background-layer background-layer-media-container-md\">\n        <!---->\n        <div class=\"overlay-layer\">\n          <div class=\"overlay-image-layer\" style=\"background-color: rgb(255, 255, 255); opacity: 0.85;\"><\/div>\n        <\/div>\n      <\/div>\n      <div class=\"background-layer background-layer-media-container\">\n        <!---->\n        <div class=\"overlay-layer\">\n          <div class=\"overlay-image-layer\" style=\"background-color: rgb(255, 255, 255); opacity: 0.85;\"><\/div>\n        <\/div>\n      <\/div>\n    <\/div>\n    <!---->\n    <div class=\"h-section-grid-container h-section-boxed-container\">\n      <!---->\n      <div data-colibri-id=\"2121-c3\" class=\"h-row-container gutters-row-lg-0 gutters-row-md-2 gutters-row-2 gutters-row-v-lg-0 gutters-row-v-md-2 gutters-row-v-2 style-767 style-local-2121-c3 position-relative\">\n        <!---->\n        <div class=\"h-row justify-content-lg-center justify-content-md-center justify-content-center align-items-lg-stretch align-items-md-stretch align-items-stretch gutters-col-lg-0 gutters-col-md-2 gutters-col-2 gutters-col-v-lg-0 gutters-col-v-md-2 gutters-col-v-2\">\n          <!---->\n          <div class=\"h-column h-column-container d-flex h-col-lg-auto h-col-md-auto h-col-auto style-768-outer style-local-2121-c4-outer\">\n            <div data-colibri-id=\"2121-c4\" class=\"d-flex h-flex-basis h-column__inner h-px-lg-3 h-px-md-2 h-px-2 v-inner-lg-0 v-inner-md-2 v-inner-2 style-768 style-local-2121-c4 position-relative\">\n              <!---->\n              <!---->\n              <div class=\"w-100 h-y-container h-column__content h-column__v-align flex-basis-100 align-self-lg-center align-self-md-center align-self-center\">\n                <!---->\n                <div data-colibri-id=\"2121-c5\" class=\"h-row-container gutters-row-lg-1 gutters-row-md-1 gutters-row-1 gutters-row-v-lg-1 gutters-row-v-md-1 gutters-row-v-1 style-769 style-local-2121-c5 position-relative\">\n                  <!---->\n                  <div class=\"h-row justify-content-lg-center justify-content-md-center justify-content-center align-items-lg-stretch align-items-md-stretch align-items-stretch gutters-col-lg-1 gutters-col-md-1 gutters-col-1 gutters-col-v-lg-1 gutters-col-v-md-1 gutters-col-v-1\">\n                    <!---->\n                    <div class=\"h-column h-column-container d-flex h-col-lg-auto h-col-md-auto h-col-auto style-770-outer style-local-2121-c6-outer\">\n                      <div data-colibri-id=\"2121-c6\" class=\"d-flex h-flex-basis h-column__inner h-px-lg-1 h-px-md-1 h-px-1 v-inner-lg-1 v-inner-md-1 v-inner-1 style-770 style-local-2121-c6 position-relative\">\n                        <!---->\n                        <!---->\n                        <div class=\"w-100 h-y-container h-column__content h-column__v-align flex-basis-auto align-self-lg-start align-self-md-start align-self-start\">\n                          <!---->\n                          <div data-colibri-id=\"2121-c7\" class=\"h-icon style-771 style-local-2121-c7 position-relative h-element\">\n                            <!----><span class=\"h-svg-icon h-icon__icon style-771-icon style-local-2121-c7-icon\"><!--Icon by Icons8 Line Awesome (https:\/\/icons8.com\/line-awesome)--><svg version=\"1.1\" xmlns=\"http:\/\/www.w3.org\/2000\/svg\" xmlns:xlink=\"http:\/\/www.w3.org\/1999\/xlink\" id=\"area-chart\" viewBox=\"0 0 512 545.5\"><path d=\"M448 97v383H64V204.5l19 4 73 14.5 91-60.5 5.5-3.5 6 1 89.5 15 74-58zm-32 65.5l-54 42-5.5 4.5-7-1-90-15-90.5 60.5-5.5 3.5-6.5-1.5-61-12V309l62 25 89-59.5 6.5-4 7.5 2.5 87.5 29 67.5-53.5v-86zm0 127l-54 43-7 5.5-8-3-88-29.5-90 60-7 4.5-8-3-58-23v104h320V289.5z\"><\/path><\/svg><\/span><\/div>\n                        <\/div>\n                      <\/div>\n                    <\/div>\n                    <div class=\"h-column h-column-container d-flex h-col-lg h-col-md h-col-auto style-772-outer style-local-2121-c8-outer\">\n                      <div data-colibri-id=\"2121-c8\" class=\"d-flex h-flex-basis h-column__inner h-px-lg-1 h-px-md-1 h-px-1 v-inner-lg-1 v-inner-md-1 v-inner-1 style-772 style-local-2121-c8 position-relative\">\n                        <!---->\n                        <!---->\n                        <div class=\"w-100 h-y-container h-column__content h-column__v-align flex-basis-100 align-self-lg-start align-self-md-start align-self-start\">\n                          <!---->\n                          <div data-colibri-id=\"2121-c9\" class=\"h-text h-text-component style-774 style-local-2121-c9 justifyClass position-relative h-element\">\n                            <!---->\n                            <!---->\n                            <div class=\"\">\n                              <p>Conform\u00e9ment aux dispositions des articles 6-III et 19 de la Loi No 2004-575 du 21 juin 2004 pour la confiance dans l&rsquo;\u00e9conomie num\u00e9rique, il est port\u00e9 \u00e0 la connaissance des utilisateurs et visiteurs du site du Club Andr\u00e9\n                                Poigny &#8211; Le Mans, les pr\u00e9sentes mentions l\u00e9gales.<\/p>\n                              <p>Le site du Club Andr\u00e9 Poigny &#8211; Le Mans est accessible \u00e0 l&rsquo;adresse suivante : https:\/\/capoigny.fr (d\u00e9nomm\u00e9 ci-apr\u00e8s \u00ab\u00a0le Site\u00a0\u00bb). L&rsquo;acc\u00e8s et l&rsquo;utilisation du Site sont soumis aux pr\u00e9sentes \u00ab\u00a0Mentions l\u00e9gales\u00a0\u00bb d\u00e9taill\u00e9es ci-apr\u00e8s\n                                ainsi qu&rsquo;aux lois et r\u00e8glements applicables.<\/p>\n                              <p>La connexion, l&rsquo;utilisation et l&rsquo;acc\u00e8s \u00e0 ce Site impliquent l&rsquo;acceptation int\u00e9grale et sans r\u00e9serve de l&rsquo;internaute de toutes les dispositions des pr\u00e9sentes Mentions l\u00e9gales.<\/p>\n                              <p>En vertu de l&rsquo;article 6 de la Loi No 2004-575 du 21 juin 2004 pour la confiance dans l&rsquo;\u00e9conomie num\u00e9rique, il est pr\u00e9cis\u00e9 l&rsquo;identit\u00e9 des diff\u00e9rents intervenants dans le cadre de la r\u00e9alisation du Site et de son suivi.<\/p>\n                            <\/div>\n                          <\/div>\n                        <\/div>\n                      <\/div>\n                    <\/div>\n                  <\/div>\n                <\/div>\n                <div data-colibri-id=\"2121-c10\" class=\"h-row-container gutters-row-lg-1 gutters-row-md-1 gutters-row-1 gutters-row-v-lg-1 gutters-row-v-md-1 gutters-row-v-1 style-775 style-local-2121-c10 position-relative\">\n                  <!---->\n                  <div class=\"h-row justify-content-lg-center justify-content-md-center justify-content-center align-items-lg-stretch align-items-md-stretch align-items-stretch gutters-col-lg-1 gutters-col-md-1 gutters-col-1 gutters-col-v-lg-1 gutters-col-v-md-1 gutters-col-v-1\">\n                    <!---->\n                    <div class=\"h-column h-column-container d-flex h-col-lg-auto h-col-md-auto h-col-auto style-776-outer style-local-2121-c11-outer\">\n                      <div data-colibri-id=\"2121-c11\" class=\"d-flex h-flex-basis h-column__inner h-px-lg-1 h-px-md-1 h-px-1 v-inner-lg-1 v-inner-md-1 v-inner-1 style-776 style-local-2121-c11 position-relative\">\n                        <!---->\n                        <!---->\n                        <div class=\"w-100 h-y-container h-column__content h-column__v-align flex-basis-auto align-self-lg-start align-self-md-start align-self-start\">\n                          <!---->\n                          <div data-colibri-id=\"2121-c12\" class=\"h-icon style-777 style-local-2121-c12 position-relative h-element\">\n                            <!----><span class=\"h-svg-icon h-icon__icon style-777-icon style-local-2121-c12-icon\"><!--Icon by Icons8 Line Awesome (https:\/\/icons8.com\/line-awesome)--><svg version=\"1.1\" xmlns=\"http:\/\/www.w3.org\/2000\/svg\" xmlns:xlink=\"http:\/\/www.w3.org\/1999\/xlink\" id=\"institution\" viewBox=\"0 0 512 545.5\"><path d=\"M256 94.5l6 2.5 192 80 10 4.5V224h-32v176h32v80H48v-80h32V224H48v-42.5l10-4.5 192-80zm0 35L106 192h300zM112 224v176h32V224h-32zm64 0v176h32V224h-32zm64 0v176h32V224h-32zm64 0v176h32V224h-32zm64 0v176h32V224h-32zM80 432v16h352v-16H80z\"><\/path><\/svg><\/span><\/div>\n                        <\/div>\n                      <\/div>\n                    <\/div>\n                    <div class=\"h-column h-column-container d-flex h-col-lg h-col-md h-col-auto style-778-outer style-local-2121-c13-outer\">\n                      <div data-colibri-id=\"2121-c13\" class=\"d-flex h-flex-basis h-column__inner h-px-lg-1 h-px-md-1 h-px-1 v-inner-lg-1 v-inner-md-1 v-inner-1 style-778 style-local-2121-c13 position-relative\">\n                        <!---->\n                        <!---->\n                        <div class=\"w-100 h-y-container h-column__content h-column__v-align flex-basis-100 align-self-lg-start align-self-md-start align-self-start\">\n                          <!---->\n                          <div data-colibri-id=\"2121-c14\" class=\"h-global-transition-all h-heading style-773 style-local-2121-c14 position-relative h-element\">\n                            <!---->\n                            <div class=\"h-heading__outer style-773 style-local-2121-c14\">\n                              <!---->\n                              <!---->\n                              <h4 class=\"\">Editeur du site<\/h4>\n                            <\/div>\n                          <\/div>\n                          <div data-colibri-id=\"2121-c15\" class=\"h-text h-text-component style-774 style-local-2121-c15 justifyClass position-relative h-element\">\n                            <!---->\n                            <!---->\n                            <div class=\"\">\n                              <p>Le site capoigny.fr est \u00e9dit\u00e9 par l&rsquo;association Club Andr\u00e9 Poigny immatricul\u00e9e au Registre national des associations sous le num\u00e9ro W723000798 (SIRET 85033611600015) , et ayant son si\u00e8ge situ\u00e9 2 place Georges Gauthier 72100\n                                Le Mans.<\/p>\n                              <p>Directeur de la publication : Monsieur Jean-Yves Brifaut &#8211;\n                                <a href=\"https:\/\/capoigny.fr\/index.php\/contact\" style=\"color: rgb(42, 139, 174);\" rel=\"nofollow noopener\" target=\"_blank\"><em>Contact<\/em><\/a>\n                              <\/p>\n                              <p><span rel=\"nofollow\" target=\"_blank\" style=\"color: rgb(0, 10, 14);\">ci-apr\u00e8s l&rsquo;<\/span><span rel=\"nofollow\" target=\"_blank\" style=\"color: rgb(0, 10, 14); font-weight: 600;\">Editeur<\/span><em rel=\"nofollow\" target=\"_blank\"\n                                  style=\"color: rgb(42, 139, 174);\"><br><\/em><\/p>\n                            <\/div>\n                          <\/div>\n                        <\/div>\n                      <\/div>\n                    <\/div>\n                  <\/div>\n                <\/div>\n                <div data-colibri-id=\"2121-c16\" class=\"h-row-container gutters-row-lg-1 gutters-row-md-1 gutters-row-1 gutters-row-v-lg-1 gutters-row-v-md-1 gutters-row-v-1 style-779 style-local-2121-c16 position-relative\">\n                  <!---->\n                  <div class=\"h-row justify-content-lg-center justify-content-md-center justify-content-center align-items-lg-stretch align-items-md-stretch align-items-stretch gutters-col-lg-1 gutters-col-md-1 gutters-col-1 gutters-col-v-lg-1 gutters-col-v-md-1 gutters-col-v-1\">\n                    <!---->\n                    <div class=\"h-column h-column-container d-flex h-col-lg-auto h-col-md-auto h-col-auto style-780-outer style-local-2121-c17-outer\">\n                      <div data-colibri-id=\"2121-c17\" class=\"d-flex h-flex-basis h-column__inner h-px-lg-1 h-px-md-1 h-px-1 v-inner-lg-1 v-inner-md-1 v-inner-1 style-780 style-local-2121-c17 position-relative\">\n                        <!---->\n                        <!---->\n                        <div class=\"w-100 h-y-container h-column__content h-column__v-align flex-basis-auto align-self-lg-start align-self-md-start align-self-start\">\n                          <!---->\n                          <div data-colibri-id=\"2121-c18\" class=\"h-icon style-781 style-local-2121-c18 position-relative h-element\">\n                            <!----><span class=\"h-svg-icon h-icon__icon style-781-icon style-local-2121-c18-icon\"><!--Icon by Icons8 Line Awesome (https:\/\/icons8.com\/line-awesome)--><svg version=\"1.1\" xmlns=\"http:\/\/www.w3.org\/2000\/svg\" xmlns:xlink=\"http:\/\/www.w3.org\/1999\/xlink\" id=\"pagelines\" viewBox=\"0 0 512 545.5\"><path d=\"M241.5 96s61.5 19.88 61.5 71c0 23.55-7.816 41.514-13.5 52 .93 20.555.293 41.76-2.5 63 3.693-12.454 13.096-39.608 31-56 28.384-25.968 80.5-18.5 80.5-18.5s4.992 28.996-26 60.5c-30.186 30.684-83.694 21.03-86.5 20.5-3.964 26.39-11.18 52.395-21.5 76.5 12.91-17.148 40.978-47 78.5-47 39.632 0 65.5 21.5 65.5 21.5s-23.176 58.5-75 58.5c-46.87 0-70.602-16.662-75-20-1.657 3.346-3.202 6.755-5 10-29.338 52.968-78.852 92-150 92v-16c65.412 0 108.683-34.18 136-83.5.54-.974.974-2.015 1.5-3-9.54 4.327-26.05 10-51 10-61.456-.016-80.5-68.5-80.5-68.5s29.704-19.584 61-16c53.34 6.096 71.736 42.33 77.5 60 10.65-23.807 17.995-50.244 22-77-8.692 2.116-25.625 5.055-51 .5-39.632-7.104-63.928-35.912-69-73 0 0 37.756-13.72 67.5-3 30.606 11.027 47.126 42.485 54.5 60.5 1.642-15.68 1.977-31.258 1.5-46.5-14.61-8.438-41.062-28.31-45.5-60-5.84-41.904 13.5-68.5 13.5-68.5z\"><\/path><\/svg><\/span><\/div>\n                        <\/div>\n                      <\/div>\n                    <\/div>\n                    <div class=\"h-column h-column-container d-flex h-col-lg h-col-md h-col-auto style-782-outer style-local-2121-c19-outer\">\n                      <div data-colibri-id=\"2121-c19\" class=\"d-flex h-flex-basis h-column__inner h-px-lg-1 h-px-md-1 h-px-1 v-inner-lg-1 v-inner-md-1 v-inner-1 style-782 style-local-2121-c19 position-relative\">\n                        <!---->\n                        <!---->\n                        <div class=\"w-100 h-y-container h-column__content h-column__v-align flex-basis-100 align-self-lg-start align-self-md-start align-self-start\">\n                          <!---->\n                          <div data-colibri-id=\"2121-c20\" class=\"h-global-transition-all h-heading style-773 style-local-2121-c20 position-relative h-element\">\n                            <!---->\n                            <div class=\"h-heading__outer style-773 style-local-2121-c20\">\n                              <!---->\n                              <!---->\n                              <h4 class=\"\">H\u00e9bergement<\/h4>\n                            <\/div>\n                          <\/div>\n                          <div data-colibri-id=\"2121-c21\" class=\"h-text h-text-component style-774 style-local-2121-c21 justifyClass position-relative h-element\">\n                            <!---->\n                            <!---->\n                            <div class=\"\">\n                              <p>Le site Internet capoigny.fr est h\u00e9berg\u00e9 par la soci\u00e9t\u00e9 OVH, SAS 10 174 560 \u20ac, immatricul\u00e9e au Registre du commerce et des soci\u00e9t\u00e9s de LILLE METROPOLE sous le num\u00e9ro 424 761 419 00045, dont le si\u00e8ge social est situ\u00e9 2 rue\n                                Kellermann BP 80157 59053 ROUBAIX CEDEX 1, joignable par t\u00e9l\u00e9phone au num\u00e9ro suivant : 05 22 26 00 86.<\/p>\n                            <\/div>\n                          <\/div>\n                        <\/div>\n                      <\/div>\n                    <\/div>\n                  <\/div>\n                <\/div>\n                <div data-colibri-id=\"2121-c22\" class=\"h-row-container gutters-row-lg-1 gutters-row-md-1 gutters-row-1 gutters-row-v-lg-1 gutters-row-v-md-1 gutters-row-v-1 style-779 style-local-2121-c22 position-relative\">\n                  <!---->\n                  <div class=\"h-row justify-content-lg-center justify-content-md-center justify-content-center align-items-lg-stretch align-items-md-stretch align-items-stretch gutters-col-lg-1 gutters-col-md-1 gutters-col-1 gutters-col-v-lg-1 gutters-col-v-md-1 gutters-col-v-1\">\n                    <!---->\n                    <div class=\"h-column h-column-container d-flex h-col-lg-auto h-col-md-auto h-col-auto style-780-outer style-local-2121-c23-outer\">\n                      <div data-colibri-id=\"2121-c23\" class=\"d-flex h-flex-basis h-column__inner h-px-lg-1 h-px-md-1 h-px-1 v-inner-lg-1 v-inner-md-1 v-inner-1 style-780 style-local-2121-c23 position-relative\">\n                        <!---->\n                        <!---->\n                        <div class=\"w-100 h-y-container h-column__content h-column__v-align flex-basis-auto align-self-lg-start align-self-md-start align-self-start\">\n                          <!---->\n                          <div data-colibri-id=\"2121-c24\" class=\"h-icon style-781 style-local-2121-c24 position-relative h-element\">\n                            <!----><span class=\"h-svg-icon h-icon__icon style-781-icon style-local-2121-c24-icon\"><!--Icon by Font Awesome (https:\/\/fontawesome.com)-->\n    <svg version=\"1.1\" xmlns=\"http:\/\/www.w3.org\/2000\/svg\" xmlns:xlink=\"http:\/\/www.w3.org\/1999\/xlink\" id=\"check\" viewBox=\"0 0 1792 1896.0833\">\n      <path d=\"M1671 566q0 40-28 68l-724 724-136 136q-28 28-68 28t-68-28l-136-136-362-362q-28-28-28-68t28-68l136-136q28-28 68-28t68 28l294 295 656-657q28-28 68-28t68 28l136 136q28 28 28 68z\"><\/path>\n    <\/svg><\/span><\/div>\n                        <\/div>\n                      <\/div>\n                    <\/div>\n                    <div class=\"h-column h-column-container d-flex h-col-lg h-col-md h-col-auto style-782-outer style-local-2121-c25-outer\">\n                      <div data-colibri-id=\"2121-c25\" class=\"d-flex h-flex-basis h-column__inner h-px-lg-1 h-px-md-1 h-px-1 v-inner-lg-1 v-inner-md-1 v-inner-1 style-782 style-local-2121-c25 position-relative\">\n                        <!---->\n                        <!---->\n                        <div class=\"w-100 h-y-container h-column__content h-column__v-align flex-basis-100 align-self-lg-start align-self-md-start align-self-start\">\n                          <!---->\n                          <div data-colibri-id=\"2121-c26\" class=\"h-global-transition-all h-heading style-773 style-local-2121-c26 position-relative h-element\">\n                            <!---->\n                            <div class=\"h-heading__outer style-773 style-local-2121-c26\">\n                              <!---->\n                              <!---->\n                              <h4 class=\"\">Acc\u00e8s au site<\/h4>\n                            <\/div>\n                          <\/div>\n                          <div data-colibri-id=\"2121-c27\" class=\"h-text h-text-component style-774 style-local-2121-c27 justifyClass position-relative h-element\">\n                            <!---->\n                            <!---->\n                            <div class=\"\">\n                              <p>Le site est accessible en tout endroit 7 jours sur 7, 24h\/24 sauf cas de force majeure, interruption programm\u00e9e ou non suite \u00e0 une n\u00e9cessit\u00e9 de maintenance. En cas de modification, interruption ou suspension du site, l&rsquo;Editeur\n                                ne saurait \u00eatre tenu responsable.<\/p>\n                            <\/div>\n                          <\/div>\n                        <\/div>\n                      <\/div>\n                    <\/div>\n                  <\/div>\n                <\/div>\n                <div data-colibri-id=\"2121-c28\" class=\"h-row-container gutters-row-lg-1 gutters-row-md-1 gutters-row-1 gutters-row-v-lg-1 gutters-row-v-md-1 gutters-row-v-1 style-779 style-local-2121-c28 position-relative\">\n                  <!---->\n                  <div class=\"h-row justify-content-lg-center justify-content-md-center justify-content-center align-items-lg-stretch align-items-md-stretch align-items-stretch gutters-col-lg-1 gutters-col-md-1 gutters-col-1 gutters-col-v-lg-1 gutters-col-v-md-1 gutters-col-v-1\">\n                    <!---->\n                    <div class=\"h-column h-column-container d-flex h-col-lg-auto h-col-md-auto h-col-auto style-780-outer style-local-2121-c29-outer\">\n                      <div data-colibri-id=\"2121-c29\" class=\"d-flex h-flex-basis h-column__inner h-px-lg-1 h-px-md-1 h-px-1 v-inner-lg-1 v-inner-md-1 v-inner-1 style-780 style-local-2121-c29 position-relative\">\n                        <!---->\n                        <!---->\n                        <div class=\"w-100 h-y-container h-column__content h-column__v-align flex-basis-auto align-self-lg-start align-self-md-start align-self-start\">\n                          <!---->\n                          <div data-colibri-id=\"2121-c30\" class=\"h-icon style-781 style-local-2121-c30 position-relative h-element\">\n                            <!----><span class=\"h-svg-icon h-icon__icon style-781-icon style-local-2121-c30-icon\"><!--Icon by Font Awesome (https:\/\/fontawesome.com)-->\n    <svg version=\"1.1\" xmlns=\"http:\/\/www.w3.org\/2000\/svg\" xmlns:xlink=\"http:\/\/www.w3.org\/1999\/xlink\" id=\"download\" viewBox=\"0 0 1664 1896.0833\">\n      <path d=\"M1280 1344q0-26-19-45t-45-19-45 19-19 45 19 45 45 19 45-19 19-45zm256 0q0-26-19-45t-45-19-45 19-19 45 19 45 45 19 45-19 19-45zm128-224v320q0 40-28 68t-68 28H96q-40 0-68-28t-28-68v-320q0-40 28-68t68-28h465l135 136q58 56 136 56t136-56l136-136h464q40 0 68 28t28 68zm-325-569q17 41-14 70l-448 448q-18 19-45 19t-45-19L339 621q-31-29-14-70 17-39 59-39h256V64q0-26 19-45t45-19h256q26 0 45 19t19 45v448h256q42 0 59 39z\"><\/path>\n    <\/svg><\/span><\/div>\n                        <\/div>\n                      <\/div>\n                    <\/div>\n                    <div class=\"h-column h-column-container d-flex h-col-lg h-col-md h-col-auto style-782-outer style-local-2121-c31-outer\">\n                      <div data-colibri-id=\"2121-c31\" class=\"d-flex h-flex-basis h-column__inner h-px-lg-1 h-px-md-1 h-px-1 v-inner-lg-1 v-inner-md-1 v-inner-1 style-782 style-local-2121-c31 position-relative\">\n                        <!---->\n                        <!---->\n                        <div class=\"w-100 h-y-container h-column__content h-column__v-align flex-basis-100 align-self-lg-start align-self-md-start align-self-start\">\n                          <!---->\n                          <div data-colibri-id=\"2121-c32\" class=\"h-global-transition-all h-heading style-773 style-local-2121-c32 position-relative h-element\">\n                            <!---->\n                            <div class=\"h-heading__outer style-773 style-local-2121-c32\">\n                              <!---->\n                              <!---->\n                              <h4 class=\"\">Collecte des donn\u00e9es<\/h4>\n                            <\/div>\n                          <\/div>\n                          <div data-colibri-id=\"2121-c33\" class=\"h-text h-text-component style-774 style-local-2121-c33 justifyClass position-relative h-element\">\n                            <!---->\n                            <!---->\n                            <div class=\"\">\n                              <p>Le Site assure \u00e0 l&rsquo;Utilisateur une collecte et un traitement de ses donn\u00e9es personnelles dans le respect de la vie priv\u00e9e en conformit\u00e9 avec la loi No78-17 du 6 janvier 1978 relative \u00e0 l&rsquo;informatique, aux fichiers et aux\n                                libert\u00e9s.En vertu de cette loi Informatique et Libert\u00e9, , l&rsquo;Utilisateur dispose d&rsquo;un droit d&rsquo;acc\u00e8s, de modification, de suppression de ses donn\u00e9es personnelles. Il peut exercer ce droit via le\n                                <a href=\"https:\/\/capoigny.fr\/index;php\/contact\" target=\"_blank\" rel=\"nofollow noopener\">formulaire de contact<\/a> ou par messagerie \u00e9lectronique \u00e0 l&rsquo;adresse\n                                <a href=\"mailto:a.poigny@gmail.com\" target=\"_blank\" rel=\"nofollow noopener\">a.poigny@gmail.com<\/a>\n                                <br>\n                              <\/p>\n                            <\/div>\n                          <\/div>\n                        <\/div>\n                      <\/div>\n                    <\/div>\n                  <\/div>\n                <\/div>\n              <\/div>\n            <\/div>\n          <\/div>\n        <\/div>\n      <\/div>\n    <\/div>\n  <\/div>\n<\/div>","protected":false},"excerpt":{"rendered":"<p>Conform\u00e9ment aux dispositions des articles 6-III et 19 de la Loi No 2004-575 du 21 juin 2004 pour la confiance dans l&rsquo;\u00e9conomie num\u00e9rique, il est port\u00e9 \u00e0 la connaissance des utilisateurs et visiteurs du site du Club Andr\u00e9 Poigny &#8211; Le Mans, les pr\u00e9sentes mentions l\u00e9gales. Le site du Club Andr\u00e9 Poigny &#8211; Le Mans [&hellip;]<\/p>\n","protected":false},"author":1,"featured_media":0,"parent":0,"menu_order":0,"comment_status":"closed","ping_status":"closed","template":"page-templates\/full-width-page.php","meta":{"footnotes":""},"class_list":["post-2121","page","type-page","status-publish","hentry"],"jetpack_likes_enabled":true,"jetpack_sharing_enabled":true,"_links":{"self":[{"href":"https:\/\/capoigny.fr\/index.php\/wp-json\/wp\/v2\/pages\/2121","targetHints":{"allow":["GET"]}}],"collection":[{"href":"https:\/\/capoigny.fr\/index.php\/wp-json\/wp\/v2\/pages"}],"about":[{"href":"https:\/\/capoigny.fr\/index.php\/wp-json\/wp\/v2\/types\/page"}],"author":[{"embeddable":true,"href":"https:\/\/capoigny.fr\/index.php\/wp-json\/wp\/v2\/users\/1"}],"replies":[{"embeddable":true,"href":"https:\/\/capoigny.fr\/index.php\/wp-json\/wp\/v2\/comments?post=2121"}],"version-history":[{"count":12,"href":"https:\/\/capoigny.fr\/index.php\/wp-json\/wp\/v2\/pages\/2121\/revisions"}],"predecessor-version":[{"id":2428,"href":"https:\/\/capoigny.fr\/index.php\/wp-json\/wp\/v2\/pages\/2121\/revisions\/2428"}],"wp:attachment":[{"href":"https:\/\/capoigny.fr\/index.php\/wp-json\/wp\/v2\/media?parent=2121"}],"curies":[{"name":"wp","href":"https:\/\/api.w.org\/{rel}","templated":true}]}}